ime?
False
Let n = 17837 + 26527. Suppose n = -21*r + 113517. Is r a prime number?
False
Let j = -8 - -12. Suppose 2*m = -j*d + 26, -2*m = 2*d + 3*d - 29. Suppose 374 = 9*z - m*z. Is z a prime number?
False
Suppose 3*f = f + 5034. Let x be f/2 + (-7)/(-14). Suppose -4*t + 3*t + x = -5*r, -5*t + r = -6247. Is t composite?
False
Suppose 3*j = -4*g - 1187, 0 = -4*g + 4*j + 506 - 1686. Is (0 - g) + 1 + 8 + -12 composite?
False
Let a(m) = 1963*m + 10. Let o be a(2). Suppose -2*x = -3*l - 8777, -o = -x - 3*l + 430. Is x prime?
False
Is 21/42 + (-2728747)/(-14) a composite number?
False
Let v be (6/(-4))/(90/(-240)). Suppose 0 = -4*o - v - 16, -5*o = -5*b + 86090. Is b composite?
True
Suppose 312295 = 5*z + 105*h - 100*h, 2*z - h = 124918. Is z prime?
True
Suppose 3*m - 2 = h, 4*m - 3*h - 4 = -2*h. Suppose 2*l - m*s - 10878 = 2*s, -3*l - 3*s + 16308 = 0. Is l a composite number?
False
Suppose 4*q - 3044 = 2092. Let b = q + 670. Is b a composite number?
True
Let z(c) = -455*c**3 - 11*c**2 - 66*c - 29. Is z(-7) a prime number?
False
Suppose 0*k = -4*j + 3*k - 1, 2 = -5*j + 4*k. Suppose -j*s - 3 + 5 = 0. Is ((-1)/(2 - 1))/s*-1949 a composite number?
False
Let j(m) = m**2 + 14*m + 15. Let q be j(-12). Let r be (-1)/3 - q/27. Suppose -2*x + o + 266 = r, -3*o = 2*x - 3*x + 143. Is x a prime number?
True
Let g = -282 + 281. Is ((-20)/20)/(g/13771) a composite number?
True
Suppose -3*u = -3*m + 55443, -2*m + 22*u - 31*u = -36940. Is m a composite number?
True
Suppose 132*o = 130*o + 11182. Is o composite?
False
Let k(l) = 15*l**2 + 14*l - 6. Let m(u) = -7*u**2 - 7*u + 3. Let f(o) = -6*k(o) - 13*m(o). Let j be f(-8). Suppose -j*w = w - 1542. Is w composite?
False
Suppose 5*q = -3*q + 7880. Let h = q + -678. Is h composite?
False
Let v(d) = -29*d - 7. Let f = -55 - -52. Let p be v(f). Suppose 3*t - 461 = -p. Is t prime?
True
Suppose -66*n + 11062632 + 5725722 = 0. Is n prime?
True
Suppose 30056 = -8*u - 9*u. Let q = u + 3306. Is q composite?
True
Let s(l) = 3*l**2 - 11*l - 69. Let c(n) = 2*n**2 - 12*n - 68. Let m(g) = -4*c(g) + 3*s(g). Let y be m(-10). Suppose -4404 = y*d - 19*d. Is d a prime number?
False
Let d(l) = -4*l**3 - 3*l**2 + 1. Let w be 2/3*18/12. Let k(a) = a**2 + a. Let c(b) = w*d(b) + k(b). Is c(-2) a prime number?
True
Let v(w) = 13*w**3 - 2*w**2 - 8*w - 2. Let k be v(-2). Let o = 157 + k. Suppose -o*p - 17492 = -63*p. Is p prime?
True
Suppose 0 = -s - 2*o + 7272, o = 3*s - o - 21840. Suppose 49*w = 55*w - s. Is w composite?
False
Let a(g) = -4*g + 27. Let p be a(5). Suppose -383 = -f + 3*j + p, -4*j + 1512 = 4*f. Is f a prime number?
False
Let q = 55 + -51. Suppose -2*u = -4*t + 3462, 2*t - q*u - 862 = t. Suppose 5*s + t = 2541. Is s composite?
True
Suppose -2*p - 5*n + 5 = 0, -3*n - 2*n + 10 = p. Is ((-3898)/p)/(3*(-2)/(-15)) a composite number?
False
Suppose -2*i = -4*w + 897738, -197*w + 2*i = -195*w - 448864. Is w a composite number?
True
Let o(m) = 15*m**2 + 3*m + 1. Let n be o(-1). Let b = -8 + n. Suppose 3*g = g - b*w + 96, 5*g = -5*w + 270. Is g composite?
True
Suppose -t - 3 - 1 = 5*l, 2*l + 10 = t. Suppose 3*y + 3 = 0, -t*y - 1503 = -2*q - 5*y. Is q a prime number?
True
Let l = -217 + 220. Suppose -2*w + 4*u + 9315 = w, -l*w + 9321 = -2*u. Is w composite?
False
Let l = 337 - 775. Let j = 955 + l. Is j a composite number?
True
Is (-17)/34 - 4/8*-142179 a composite number?
False
Suppose 32*h - 1885844 = -17*h + 15*h. Is h a composite number?
True
Suppose -8695 = -3*j + 2*f, -2*j - 4*f + 5785 = -7*f. Is j a prime number?
True
Suppose -17*y + 39980 = -100287. Is y prime?
False
Let c = 466 + -471. Is 21252/120 - c/(-50) a prime number?
False
Suppose k = 1126 - 3585. Let r = -1407 - k. Suppose -10*l + 12*l = r. Is l composite?
True
Suppose 39*j - 44*j = -100. Let l = j - -41. Let u = -59 + l. Is u a prime number?
True
Suppose 0 = q - 312*g + 311*g - 265544, -4*q - 5*g + 1062113 = 0. Is q a composite number?
True
Suppose -65*j + 66*j + s - 329242 = 0, -s - 1646156 = -5*j. Is j a composite number?
False
Let f(l) be the first derivative of -l**4/4 - 5*l**3/3 - 5*l**2/2 - 13*l - 97. Suppose -3*o - 30 = -0*o. Is f(o) composite?
True
Let c(o) = -41476*o - 2169. Is c(-7) a prime number?
False
Let l(g) = 835*g**2 + 21*g - 185. Is l(7) prime?
False
Suppose 47*o - 50*o - 36378454 = -137*o. Is o composite?
True
Let n(g) = 2184*g - 817. Is n(40) composite?
True
Let i(g) = -28*g**2 - 3*g - 11. Let c(n) = 2*n**2 + 1. Let w(j) = -6*c(j) - i(j). Is w(-6) a prime number?
True
Let y be 3 + -3 + -54 - 3. Let z = -55 - y. Suppose z*q = -3*h + 2*h + 671, -4*h - 3*q = -2699. Is h composite?
False
Let n = -2771 - -2768. Let r(g) = -1 + 0 + 3 - 305*g. Is r(n) composite?
True
Let l(v) = -10*v**2 + 20*v - 32. Let m(f) = -6*f**2 - 2*f - 1. Let q(c) = -l(c) + m(c). Let j be (1 + -3)*34/4. Is q(j) prime?
False
Let v be (-1 + 57)/(8*(-3)/(-24)). Suppose -14*z + v = -6*z. Let x(p) = -p**3 + 13*p**2 + 8*p - 29. Is x(z) a prime number?
False
Let v be 877/(-2 + 5 + -2). Let l = 493 + -493. Suppose -c + 193 = 4*r, l*c - 4*c + v = -5*r. Is c composite?
True
Let m(y) = 5*y + 2. Let t be m(2). Let k be (-40)/6*-159*t/30. Suppose -b + k = -3*f, f + 4*f = -15. Is b a composite number?
True
Let x = -55 + 58. Suppose 0 = x*u - 9, -5*m + 3*u + 63866 = -0*u. Is (-1)/((-10)/m) - (-2)/(-4) a prime number?
True
Let o = 831 + -562. Suppose 204045 = -254*p + o*p. Is p a composite number?
True
Suppose 0*m + 2*s - 191189 = -5*m, -5*m = 5*s - 191180. Is m a prime number?
True
Let f(c) = 50*c + 3. Let x be f(-16). Let u be (-3)/1 + 1994 + 6/(-2). Let g = u + x. Is g a composite number?
True
Let q = -39 + 58. Suppose -5*c = q*x - 17*x - 46475, c - 3*x - 9278 = 0. Is c composite?
False
Let t = 18 - 20. Let w(h) = 38*h + 29. Let d(s) = -77*s - 57. Let p(r) = t*d(r) - 5*w(r). Is p(-10) prime?
False
Suppose -6*m + 9*m = 198. Suppose 5*d - 104 = -y, -m = -y + 5*d - 12. Suppose u = -3*j + 341, 5*u - 157 = -2*j + y. Is j composite?
False
Let o(m) = -30*m**2 - 8*m + 10. Let q(c) = -16*c**2 - 4*c + 5. Let l = 79 - 84. Let j(d) = l*q(d) + 2*o(d). Is j(4) a prime number?
True
Let d be 12/8*(4 - -2). Let s = 2352 - 2348. Suppose -d*b = -s*b - 3335. Is b a composite number?
True
Let a be 4 - (-1586 + (-1 - -6)). Is 30/25*a/2 a composite number?
True
Let z be (-166)/((-8)/(-10) + 7 + -8). Suppose 3*h - 2*u = 49 + 444, -z = -5*h + 5*u. Is h composite?
True
Suppose 2*m - 2*w = -2, 0*w = 5*m - w - 3. Is m/((-2)/412)*(-91)/182 composite?
False
Suppose 0 = -10*k + 13*k + 3*x - 857574, 2*x = k - 285837. Is k a prime number?
False
Let t(d) = 12*d - 2. Let u(f) = -17*f + 3. Let s(o) = -7*t(o) - 5*u(o). Let a be s(11). Suppose -a*p = -9222 - 3268. Is p prime?
True
Suppose 5*q + 1238151 = 3*y, 391*y = 386*y - 3*q + 2063585. Is y composite?
False
Let x(k) = -k**3 - 11*k**2 + 12*k + 14. Let r be x(-12). Suppose -r*f + 12564 = -2*f. Is f a composite number?
True
Let p = -14 - -24. Suppose 2*d - 5*r - 3 + 23 = 0, -5*r - p = d. Is 2*(-2 + (-7345)/d) a composite number?
True
Let s = -34213 - 5518. Let h = 85254 + s. Is h a composite number?
False
Let h = 179166 + -82843. Is h a composite number?
False
Suppose -220*d = -223*d, -2*s = 2*s + d - 747076. Is s composite?
True
Let w(q) = q**3 + 8*q**2 - 15*q - 44. Let t be w(-9). Let h be 240/(-100)*t/4. Let v(x) = -114*x - 35. Is v(h) prime?
False
Suppose -372480 = -45*p + 35*p. Suppose 4*w - p = -4*d + 2*d, -3*d = -5*w + 46549. Is w prime?
True
Suppose 0 = -5*z + 3*l + 1933879, l - 386779 = -204*z + 203*z. Is z a composite number?
False
Suppose -19*k = -23*k + 4*u + 350348, -3*k = u - 262785. Is k composite?
True
Is 65627112/30 + 4*3/20 a prime number?
True
Suppose 3*v - 24 = -4*i - 1, 5*i = 4*v + 21. Suppose 2*n = 4*q - 66, i*q - 63 = 2*n - 6*n. Is (1*5/q)/(1/402) composite?
True
Suppose 257*a = -219*a + 278679436. Is a a composite number?
False
Is (-113258)/3*(-11 + (-399)/(-42)) prime?
True
Let m(t) = -1078*t - 2. Let i be m(-1). Let h = -150 - -591. Let v = i - h. Is v a prime number?
False
Let u be (-150)/20*(-24)/10. Suppose -5*w + 14563 = 3*i, 0 = -4*i - 21*w + u*w + 19432. Is i a composite number?
False
Let i be (-3)/((-18)/(-30))*1. Is 8579*(-3*(2 + -4) + i) prime?
False
Let n(l) = -3*l + 12. Let x be n(2). Suppose 6*h = -x*h + 3*h. Suppose -2*w + 58 = 3*f - 7*w,